lse
Does 1376 divide 3046464?
True
Is 12 a factor of 8066220?
True
Is 21 a factor of 55056?
False
Is 3779928 a multiple of 187?
False
Is 271506 a multiple of 11?
False
Is 1596 a factor of 26829168?
False
Does 78 divide 1602198?
True
Does 4 divide 464717?
False
Is 453 a factor of 712116?
True
Does 43 divide 136354?
False
Is 5 a factor of 1366249?
False
Does 13 divide 27866618?
True
Is 16 a factor of 38017?
False
Is 34 a factor of 1808494?
True
Is 11122 a multiple of 33?
False
Does 335 divide 1530950?
True
Is 17 a factor of 7985274?
True
Is 23 a factor of 10376696?
False
Is 34304 a multiple of 14?
False
Is 137350 a multiple of 335?
True
Does 492 divide 450180?
True
Is 1956 a factor of 14241724?
False
Is 6973377 a multiple of 684?
False
Is 1508818 a multiple of 23?
False
Does 143 divide 218334?
False
Is 14 a factor of 5086855?
False
Is 394 a factor of 160138?
False
Does 26 divide 15626?
True
Is 44 a factor of 2162072?
True
Does 83 divide 608556?
True
Does 54 divide 8813624?
False
Is 27863 a multiple of 5?
False
Is 721248 a multiple of 264?
True
Is 9 a factor of 4157617?
False
Is 5 a factor of 124540?
True
Is 17 a factor of 191422?
False
Does 57 divide 14214432?
True
Is 2941291 a multiple of 20?
False
Is 21683 a multiple of 2?
False
Does 17 divide 343604?
True
Does 107 divide 2209336?
True
Does 15 divide 6030?
True
Does 87 divide 406812?
True
Is 748 a factor of 4087820?
True
Is 360 a factor of 295920?
True
Does 8 divide 6820?
False
Does 12 divide 501780?
True
Is 8 a factor of 20937?
False
Is 23 a factor of 47702?
True
Does 99 divide 88880?
False
Is 41 a factor of 645274?
False
Is 222556 a multiple of 4?
True
Is 56812 a multiple of 550?
False
Is 64 a factor of 446656?
True
Is 15 a factor of 142035?
True
Is 79 a factor of 2878?
False
Is 59910 a multiple of 7?
False
Is 422042 a multiple of 28?
False
Does 14 divide 17320149?
False
Does 102 divide 1072326?
True
Is 624 a factor of 2677677?
False
Is 179928 a multiple of 72?
True
Does 90 divide 449820?
True
Does 28 divide 2429767?
False
Is 1520340 a multiple of 16?
False
Is 5 a factor of 88632?
False
Is 362758 a multiple of 8?
False
Does 1268 divide 12983052?
True
Is 15 a factor of 41760?
True
Is 4783075 a multiple of 8?
False
Does 75 divide 2627925?
True
Is 1101015 a multiple of 8?
False
Does 567 divide 1765223?
False
Is 97411 a multiple of 10?
False
Does 25 divide 148574?
False
Is 1435512 a multiple of 156?
True
Does 10 divide 9698387?
False
Is 44 a factor of 275758?
False
Does 35 divide 13510?
True
Is 673299 a multiple of 15?
False
Is 3747215 a multiple of 178?
False
Is 118 a factor of 2802554?
False
Is 12 a factor of 65928?
True
Does 4 divide 177192?
True
Is 413835 a multiple of 235?
True
Is 2402816 a multiple of 208?
True
Is 28 a factor of 9320780?
True
Does 79 divide 25798?
False
Is 20 a factor of 713580?
True
Is 3326328 a multiple of 64?
False
Does 357 divide 403067?
False
Is 266 a factor of 9347293?
False
Is 262097 a multiple of 90?
False
Does 8 divide 7883?
False
Is 39 a factor of 162942?
True
Does 163 divide 970027?
False
Is 22 a factor of 5305322?
True
Is 943175 a multiple of 85?
False
Is 2 a factor of 19635?
False
Is 30076 a multiple of 31?
False
Does 90 divide 2282220?
True
Is 224 a factor of 423407?
False
Is 403 a factor of 3713920?
False
Does 191 divide 970280?
True
Is 65343 a multiple of 23?
True
Is 3911 a multiple of 6?
False
Is 17 a factor of 300781?
True
Is 189 a factor of 2268085?
False
Is 20 a factor of 3384740?
True
Does 32 divide 3581119?
False
Is 17 a factor of 2512886?
False
Does 1591 divide 3762715?
True
Is 487 a factor of 4409820?
False
Does 243 divide 182574?
False
Is 71 a factor of 46239?
False
Does 19 divide 64366?
False
Is 99466 a multiple of 32?
False
Is 178 a factor of 6605445?
False
Is 57 a factor of 138795?
True
Does 44 divide 212828?
True
Is 9 a factor of 398212?
False
Does 4 divide 41137?
False
Is 4884532 a multiple of 194?
True
Does 55 divide 1467290?
True
Does 16 divide 15623?
False
Is 66 a factor of 815562?
True
Is 44 a factor of 570372?
True
Is 3354 a multiple of 39?
True
Is 738 a factor of 9731793?
False
Is 315 a factor of 2715724?
False
Does 2 divide 34150?
True
Does 416 divide 105767?
False
Does 179 divide 181864?
True
Is 430612 a multiple of 196?
True
Is 26 a factor of 153809?
False
Does 13 divide 9781857?
False
Is 346 a factor of 538928?
False
Is 466 a factor of 346238?
True
Is 2417655 a multiple of 1497?
True
Is 12 a factor of 1876992?
True
Does 14 divide 1506982?
False
Is 904077 a multiple of 17?
True
Does 15 divide 187918?
False
Does 103 divide 183943?
False
Is 302407 a multiple of 7?
True
Is 311004 a multiple of 36?
True
Is 13 a factor of 612301?
False
Is 755323 a multiple of 257?
True
Does 29 divide 69654?
False
Is 35532 even?
True
Is 169510 a multiple of 14?
False
Is 1177360 a multiple of 20?
True
Is 16 a factor of 139744?
True
Is 599890 a multiple of 10?
True
Is 4002443 a multiple of 39?
False
Is 2 a factor of 84473?
False
Is 166087 a multiple of 541?
True
Is 66 a factor of 556644?
True
Is 34 a factor of 561324?
False
Is 46 a factor of 87584?
True
Does 16 divide 73332?
False
Is 233 a factor of 4491265?
False
Is 49 a factor of 13608721?
True
Is 13 a factor of 3110148?
False
Is 1706820 a multiple of 32?
False
Is 579539 a multiple of 8?
False
Is 412 a factor of 3847587?
False
Does 4 divide 16259?
False
Does 24 divide 11208753?
False
Is 15 a factor of 1572930?
True
Is 185 a factor of 1205150?
False
Is 23828 a multiple of 4?
True
Does 33 divide 5903304?
True
Does 237 divide 3281028?
True
Is 264 a factor of 579216?
True
Is 307096 a multiple of 8?
True
Does 24 divide 17886?
False
Is 4827325 a multiple of 503?
False
Does 8 divide 11972544?
True
Is 3938624 a multiple of 82?
True
Does 219 divide 373779?
False
Is 3623134 a multiple of 142?
False
Is 817 a factor of 26574870?
False
Does 178 divide 24277?
False
Is 741 a factor of 444600?
True
Is 25 a factor of 304483?
False
Does 285 divide 3412875?
True
Does 17 divide 127177?
True
Is 32 a factor of 9979029?
False
Is 1036697 a multiple of 19?
True
Does 25 divide 434350?
True
Is 2516811 a multiple of 543?
False
Does 44 divide 11795930?
False
Does 120 divide 51666?
False
Is 19 a factor of 528237?
False
Is 281 a factor of 625506?
True
Is 141 a factor of 106878?
True
Does 180 divide 8377515?
False
Is 2415264 a multiple of 724?
True
Is 5663999 a multiple of 397?
True
Is 1052639 a multiple of 13?
False
Does 25 divide 265000?
True
Is 547357 a multiple of 92?
False
Does 127 divide 15055088?
True
Does 10 divide 33490?
True
Does 262 divide 9676708?
True
Is 61 a factor of 149084?
True
Is 53 a factor of 160443?
False
Does 10 divide 618030?
True
Is 142 a factor of 250823?
False
Is 7 a factor of 251505?
False
Does 15 divide 1155225?
True
Does 13 divide 563223?
False
Is 5368536 a multiple of 1038?
True
Is 529165 a multiple of 455?
True
Is 3557700 a multiple of 414?
False
Is 378651 a multiple of 247?
True
Does 123 divide 13888501?
False
Is 47160 a multiple of 15?
True
Does 274 divide 884376?
False
Does 138 divide 879744?
False
Is 422111 a multiple of 226?
False
Is 11333890 a multiple of 21?
False
Does 57 divide 2674095?
False
Is 361171 a multiple of 8?
False
Is 22110 a multiple of 335?
True
Does 111 divide 1201707?
False
Does 122 divide 85599?
False
Is 29101 a multiple of 13?
False
Does 136 divide 34136?
True
Is 30 a factor of 474619?
False
Is 530308 a multiple of 9?
False
Is 416 a factor of 17472?
True
Is 35 a factor of 92225?
True
Is 5423980 a multiple of 10?
True
Is 2663431 even?
False
Is 1669521 a multiple of 7?
True
Is 2 a factor of 63788?
True
Is 208 a factor of 112197?
False
Does 34 divide 1358266?
True
Does 37 divide 159507?
True
Does 124 divide 51336?
True
Does 49 divide 8608665?
False
Is 301360 a multiple of 10?
True
Is 62 a factor of 1409288?
False
Is 3604231 a multiple of 20?
False
Does 77 divide 32648?
True
Is 352365 a multiple of 3?
True
Does 19 divide 236778?
True
Is 105 a factor of 213990?
True
Is 17500293 a multiple of 153?
True
Is 45 a factor of 160578?
False
Is 3 a factor of 34155?
True
Does 5 divide 1700520?
True
Is 183173 a multiple of 5?
False
Does 66 divide 17625688?
False
Is 32 a factor of 779378?
False
Does 17 divide 1825618?
False
Is 26967964 a multiple of 17?
False
Is 169053 a multiple of 7?
False
Is 5